{"id":2621,"date":"2026-01-27T16:44:22","date_gmt":"2026-01-27T22:44:22","guid":{"rendered":"https:\/\/demos.infoexpo.mx\/2026_amicdental_2026v1.3\/?page_id=2621"},"modified":"2026-01-29T15:59:35","modified_gmt":"2026-01-29T21:59:35","slug":"aviso-de-privacidad","status":"publish","type":"page","link":"https:\/\/www.amicdental.com.mx\/home\/aviso-de-privacidad\/","title":{"rendered":"Aviso de Privacidad"},"content":{"rendered":"\t\t<div data-elementor-type=\"wp-page\" data-elementor-id=\"2621\" class=\"elementor elementor-2621\">\n\t\t\t\t<div class=\"elementor-element elementor-element-19582c96 e-flex e-con-boxed e-con e-parent\" data-id=\"19582c96\" data-element_type=\"container\" data-e-type=\"container\" data-settings=\"{&quot;background_background&quot;:&quot;classic&quot;}\">\n\t\t\t\t\t<div class=\"e-con-inner\">\n\t\t<div class=\"elementor-element elementor-element-50b362b7 e-con-full e-flex e-con e-child\" data-id=\"50b362b7\" data-element_type=\"container\" data-e-type=\"container\">\n\t\t\t\t<div class=\"elementor-element elementor-element-1fc0aa2 elementor-widget elementor-widget-eael-fancy-text\" data-id=\"1fc0aa2\" data-element_type=\"widget\" data-e-type=\"widget\" data-widget_type=\"eael-fancy-text.default\">\n\t\t\t\t\t\n\t<div  class=\"eael-fancy-text-container style-1\" data-fancy-text-id=\"1fc0aa2\" data-fancy-text=\"|Aviso de Privacidad\" data-fancy-text-transition-type=\"typing\" data-fancy-text-speed=\"50\" data-fancy-text-delay=\"2500\" data-fancy-text-cursor=\"yes\" data-fancy-text-loop=\"yes\" data-fancy-text-action=\"page_load\" >\n\t\t\n\t\t\n\t\t\t\t\t<span id=\"eael-fancy-text-1fc0aa2\" class=\"eael-fancy-text-strings solid-color\">\n\t\t\t\t<noscript>\n\t\t\t\t\tAviso de Privacidad\t\t\t\t<\/noscript>\n\t\t\t<\/span>\n\t\t\n\t\t\t<\/div><!-- close .eael-fancy-text-container -->\n\n\t<div class=\"clearfix\"><\/div>\n\n\t\t\t\t\t<\/div>\n\t\t\t\t<\/div>\n\t\t\t\t\t<\/div>\n\t\t\t\t<\/div>\n\t\t<div class=\"elementor-element elementor-element-6dcf18e e-flex e-con-boxed e-con e-parent\" data-id=\"6dcf18e\" data-element_type=\"container\" data-e-type=\"container\" data-settings=\"{&quot;background_background&quot;:&quot;classic&quot;}\">\n\t\t\t\t\t<div class=\"e-con-inner\">\n\t\t<div class=\"elementor-element elementor-element-3c5e51b e-con-full e-flex e-con e-child\" data-id=\"3c5e51b\" data-element_type=\"container\" data-e-type=\"container\">\n\t\t\t\t<div class=\"elementor-element elementor-element-8121344 elementor-invisible elementor-widget elementor-widget-heading\" data-id=\"8121344\" data-element_type=\"widget\" data-e-type=\"widget\" data-settings=\"{&quot;_animation&quot;:&quot;fadeIn&quot;}\" data-widget_type=\"heading.default\">\n\t\t\t\t\t<h2 class=\"elementor-heading-title elementor-size-default\">Aviso de Privacidad<\/h2>\t\t\t\t<\/div>\n\t\t\t\t<div class=\"elementor-element elementor-element-3f30c78 elementor-invisible elementor-widget elementor-widget-heading\" data-id=\"3f30c78\" data-element_type=\"widget\" data-e-type=\"widget\" data-settings=\"{&quot;_animation&quot;:&quot;fadeIn&quot;}\" data-widget_type=\"heading.default\">\n\t\t\t\t\t<h2 class=\"elementor-heading-title elementor-size-default\">Agrupaci\u00f3n Mexicana de la Industria y el Comercio Dental A.C.<\/h2>\t\t\t\t<\/div>\n\t\t\t\t<div class=\"elementor-element elementor-element-840a793 elementor-invisible elementor-widget elementor-widget-text-editor\" data-id=\"840a793\" data-element_type=\"widget\" data-e-type=\"widget\" data-settings=\"{&quot;_animation&quot;:&quot;fadeIn&quot;}\" data-widget_type=\"text-editor.default\">\n\t\t\t\t\t\t\t\t\t<p><strong>I. Identificaci\u00f3n del Responsable del tratamiento de los datos.\u00a0<\/strong><\/p><p>Agrupaci\u00f3n Mexicana de la Industria y el Comercio Dental A.C., en adelante \u201c<strong>AMIC<\/strong>\u201d con domicilio en Av. Xola No. 1364, Col. Narvarte, C.P. 03020, Alcand\u00eda Benito Ju\u00e1rez es responsable de recabar sus datos personales, del uso que le d\u00e9 a los mismos y su protecci\u00f3n.<\/p><p>El tratamiento de los Datos Personales se rige por el presente Aviso de Privacidad, as\u00ed como por la Ley Federal de Protecci\u00f3n de Datos Personales en Posesi\u00f3n de los Particulares (LFPDPPP), el Reglamento de la Ley Federal de Protecci\u00f3n de Datos Personales en Posesi\u00f3n de los Particulares y los Lineamientos del Aviso de Privacidad se encuentra a su disposici\u00f3n en la p\u00e1gina web [<a href=\"http:\/\/www.amicdental.mx\">www.amicdental.mx<\/a>].<\/p><p>En \u201c<strong>AMIC<\/strong>\u201c, la seguridad de su informaci\u00f3n personal es nuestra prioridad; es por ello que protegemos su informaci\u00f3n mediante sistemas de gesti\u00f3n de informaci\u00f3n que garanticen que las medidas de Seguridad, Confidencialidad, Integridad y Disponibilidad de la informaci\u00f3n sean las adecuadas para resguardar su informaci\u00f3n.<\/p><p>\u201c<strong>AMIC<\/strong>\u201d recaba informaci\u00f3n de los profesionales del ramo odontol\u00f3gico interesados en asistir a cualquiera de los eventos o exposiciones que \u201c<strong>AMIC<\/strong>\u201d realiza y\/u organice dentro del territorio mexicano.<\/p><p><strong>II. Datos Personales recabados.\u00a0<\/strong><\/p><p>Para llevar a cabo las finalidades descritas en el presente Aviso de Privacidad, se recabar\u00e1n los siguientes Datos Personales:<\/p><ul><li>Nombre completo<\/li><li>N\u00famero de C\u00e9dula profesional<\/li><li>INE<\/li><li>Credencia de estudiante vigente<\/li><li>N\u00famero de Matr\u00edcula estudiantes<\/li><li>Clave de Registro Federal de Contribuyentes<\/li><li>Fecha de nacimiento<\/li><li>Domicilio completo personal y\/o consultorio<\/li><li>Tel\u00e9fono local<\/li><li>Tel\u00e9fono m\u00f3vil<\/li><li>Email<\/li><li>Especialidad<\/li><li>Informaci\u00f3n estad\u00edstica acerca de temas relacionados con nuestro evento (Productos de inter\u00e9s, medio que se enter\u00f3, etc.)<\/li><\/ul><p><strong>III. Finalidades<\/strong><\/p><p>Sus Datos Personales son recabados necesariamente con el objeto de proporcionarle un mejor servicio, por lo que podr\u00e1n ser utilizados para proporcionarle y\/o enviarle la informaci\u00f3n del evento\/exposici\u00f3n a la cual se inscribi\u00f3 y verificar su identidad. De manera adicional le informamos, que utilizaremos su informaci\u00f3n personal para las siguientes finalidades secundarias que son necesarias y nos permiten brindarle una mejor atenci\u00f3n como son:<\/p><ul><li>Realizaci\u00f3n de encuestas de calidad en el servicio.<\/li><li>Enviarle informaci\u00f3n sobre los pr\u00f3ximos eventos organizados por <strong>AMIC<\/strong><\/li><li>Elaborar estudios de mercadotecnia y segmentaci\u00f3n del mercado, estad\u00edsticos.<\/li><\/ul><p>En caso de que no desee que alguno de sus Datos Personales sean utilizados para los fines secundarios se\u00f1alados en el presente aviso, usted puede manifestar su negativa al tratamiento de sus Datos Personales con relaci\u00f3n a las finalidades secundarias mencionadas en el p\u00e1rrafo anterior mediante el env\u00edo de un correo electr\u00f3nico a la direcci\u00f3n [expo@amicdental.mx], donde daremos atenci\u00f3n y seguimiento a su solicitud.<\/p><p>Le informamos que \u201c<strong>AMIC<\/strong>\u201d recabar\u00e1 sus Datos Personales de las siguientes formas:<\/p><ol><li>Formulario de registro en la p\u00e1gina web del evento.<\/li><li>Formulario de registro en la acreditaci\u00f3n del evento.<\/li><li>Actualizaci\u00f3n telef\u00f3nica y v\u00eda e-mail de los datos de la cuenta [<a href=\"mailto:expo@amicdental.mx\">expo@amicdental.mx<\/a>]<\/li><li>App de <strong>AMIC<\/strong> dental.<\/li><li>Lector QR<\/li><\/ol><p>Los profesionales del ramo odontol\u00f3gico, para ingresar a cualquiera de nuestros eventos requieren portar la tarjeta BeAmic y\/o un gafete de identificaci\u00f3n proporcionado por \u201c<strong>AMIC<\/strong>\u201d<\/p><p><strong>La tarjeta BeAmic contiene:<\/strong><\/p><ul><li>Fotograf\u00eda del profesional<\/li><li>Nombre completo<\/li><li>Especialidad<\/li><li>C\u00f3digo de barras<\/li><li id=\"isPasted\">C\u00f3digo QR<\/li><\/ul><p><strong>El gafete contiene:<\/strong><\/p><ul><li id=\"isPasted\">Nombre completo<\/li><li>Especialidad<\/li><li>C\u00f3digo de barras<\/li><li>C\u00f3digo QR<\/li><\/ul><p>En caso de que usted proporcione informaci\u00f3n y\/o Datos Personales a alguno de los expositores y\/o participantes de las exposiciones o eventos organizados por \u201c<strong>AMIC<\/strong>\u201d, el tratamiento de los mismos estar\u00e1 sujeto al Aviso de Privacidad del expositor o participante que recabe sus datos y en ning\u00fan caso \u201c<strong>AMIC<\/strong>\u201d ser\u00e1 considerado como responsable del tratamiento de los datos.<\/p><p><strong>IV. Cl\u00e1usula de transferencia de Datos Personales<\/strong><\/p><p>Nos comprometemos a no transferir su informaci\u00f3n personal a terceros sin su consentimiento, salvo las excepciones previstas en al art\u00edculo 37 de La Ley Federal de Protecci\u00f3n de Datos Personales en posesi\u00f3n de los Particulares, as\u00ed como realizar esta transferencia en los t\u00e9rminos que fija esta Ley.<\/p><p><strong>V. Ejercicio de Derechos ARCO (Acceso, Rectificaci\u00f3n, Cancelaci\u00f3n y Oposici\u00f3n).<\/strong><\/p><p>\u201c<strong>AMIC<\/strong>\u201d le informa que usted tiene derecho a conocer para qu\u00e9 utilizamos sus Datos Personales y las condiciones del uso que les damos (Acceso). Asimismo, es su derecho solicitar la correcci\u00f3n de su informaci\u00f3n personal en caso de que est\u00e9 desactualizada, sea inexacta o incompleta (Rectificaci\u00f3n); que la eliminemos de nuestros registros o bases de datos cuando considere que la misma no est\u00e1 siendo utilizada adecuadamente o para los fines pactados (Cancelaci\u00f3n); y oponerse al uso de sus datos personales para fines espec\u00edficos (Oposici\u00f3n). Estos derechos se conocen como derechos ARCO y podr\u00e1 ejercitarlos presentando su respectiva solicitud, la cual deber\u00e1 contener lo siguiente:<\/p><ol><li>Estar dirigida al apartamento de \u201cAtenci\u00f3n a Clientes\u201d.<\/li><li>Nombre, domicilio y correo electr\u00f3nico del Titular<\/li><li>Descripci\u00f3n clara y precisa de los datos personales sobre los cuales el Titular desea ejercer sus derechos de Acceso, Rectificaci\u00f3n, Cancelaci\u00f3n u Oposici\u00f3n (ARCO).<\/li><li>Motivo por el cual desea ejercer su derecho ARCO.<\/li><li>Documento que acredite su identidad o en su caso la representaci\u00f3n legal del Titular.<\/li><li>Deber\u00e1 entregarse en persona o por medio de correo certificado, en el domicilio de \u201c<strong>AMIC<\/strong>\u201d que se menciona en este avis\u00f3 de privacidad.<\/li><\/ol><p>En caso de que usted desee revocar el consentimiento del tratamiento de sus datos o limitar su uso o divulgaci\u00f3n su solicitud ser\u00e1 respondida en un periodo m\u00e1ximo de 20 d\u00edas posteriores a su recepci\u00f3n, de acuerdo al proceso de atenci\u00f3n de solicitudes ARCO.<\/p><p>Si usted no est\u00e1 conforme con la repuesta recibida, le informamos que tiene derecho a iniciar el Procedimiento de Protecci\u00f3n de Datos ante el Instituto Nacional de Acceso a la Informaci\u00f3n Transparencia y Protecci\u00f3n de Datos Personales (www.inai.org.mx) dentro de los 15 d\u00edas siguientes a la fecha en que reciba la respuesta de \u201c<strong>AMIC<\/strong>\u201d y a partir de que concluya el plazo de 20 d\u00edas contados despu\u00e9s de la fecha de respuesta de su solicitud de ejercicio de derechos ARCO.<\/p><p><strong>VI. Cambios al Aviso de Privacidad<\/strong><\/p><p>\u201c<strong>AMIC<\/strong>\u201d, se reserva el derecho de modificar en cualquier momento el presente Aviso de Privacidad, cualquier modificaci\u00f3n total o parcial al mismo se dar\u00e1 a conocer a trav\u00e9s de la p\u00e1gina web [<a href=\"https:\/\/amicdental.mx\/\" target=\"_blank\" rel=\"noopener noreferrer\">www.amicdental.mx<\/a>].<\/p><p>\u00daltima fecha de actualizaci\u00f3n 13 de mayo de 2024<\/p>\t\t\t\t\t\t\t\t<\/div>\n\t\t\t\t<div class=\"elementor-element elementor-element-5573b1b elementor-widget elementor-widget-spacer\" data-id=\"5573b1b\" data-element_type=\"widget\" data-e-type=\"widget\" data-widget_type=\"spacer.default\">\n\t\t\t\t\t\t\t<div class=\"elementor-spacer\">\n\t\t\t<div class=\"elementor-spacer-inner\"><\/div>\n\t\t<\/div>\n\t\t\t\t\t\t<\/div>\n\t\t\t\t<\/div>\n\t\t\t\t\t<\/div>\n\t\t\t\t<\/div>\n\t\t\t\t<\/div>\n\t\t","protected":false},"excerpt":{"rendered":"<p>Aviso de Privacidad Aviso de Privacidad Agrupaci\u00f3n Mexicana de la Industria y el Comercio Dental A.C. I. Identificaci\u00f3n del Responsable del tratamiento de los datos.\u00a0 Agrupaci\u00f3n Mexicana de la Industria y el Comercio Dental A.C., en adelante \u201cAMIC\u201d con domicilio en Av. Xola No. 1364, Col. Narvarte, C.P. 03020, Alcand\u00eda Benito Ju\u00e1rez es responsable de [&hellip;]<\/p>\n","protected":false},"author":2,"featured_media":0,"parent":0,"menu_order":0,"comment_status":"closed","ping_status":"closed","template":"","meta":{"site-sidebar-layout":"no-sidebar","site-content-layout":"page-builder","ast-site-content-layout":"full-width-container","site-content-style":"unboxed","site-sidebar-style":"unboxed","ast-global-header-display":"","ast-banner-title-visibility":"","ast-main-header-display":"","ast-hfb-above-header-display":"","ast-hfb-below-header-display":"","ast-hfb-mobile-header-display":"","site-post-title":"disabled","ast-breadcrumbs-content":"","ast-featured-img":"disabled","footer-sml-layout":"","ast-disable-related-posts":"","theme-transparent-header-meta":"enabled","adv-header-id-meta":"","stick-header-meta":"","header-above-stick-meta":"","header-main-stick-meta":"","header-below-stick-meta":"","astra-migrate-meta-layouts":"set","ast-page-background-enabled":"default","ast-page-background-meta":{"desktop":{"background-color":"","background-image":"","background-repeat":"repeat","background-position":"center center","background-size":"auto","background-attachment":"scroll","background-type":"","background-media":"","overlay-type":"","overlay-color":"","overlay-opacity":"","overlay-gradient":""},"tablet":{"background-color":"","background-image":"","background-repeat":"repeat","background-position":"center center","background-size":"auto","background-attachment":"scroll","background-type":"","background-media":"","overlay-type":"","overlay-color":"","overlay-opacity":"","overlay-gradient":""},"mobile":{"background-color":"","background-image":"","background-repeat":"repeat","background-position":"center center","background-size":"auto","background-attachment":"scroll","background-type":"","background-media":"","overlay-type":"","overlay-color":"","overlay-opacity":"","overlay-gradient":""}},"ast-content-background-meta":{"desktop":{"background-color":"var(--ast-global-color-4)","background-image":"","background-repeat":"repeat","background-position":"center center","background-size":"auto","background-attachment":"scroll","background-type":"","background-media":"","overlay-type":"","overlay-color":"","overlay-opacity":"","overlay-gradient":""},"tablet":{"background-color":"var(--ast-global-color-4)","background-image":"","background-repeat":"repeat","background-position":"center center","background-size":"auto","background-attachment":"scroll","background-type":"","background-media":"","overlay-type":"","overlay-color":"","overlay-opacity":"","overlay-gradient":""},"mobile":{"background-color":"var(--ast-global-color-4)","background-image":"","background-repeat":"repeat","background-position":"center center","background-size":"auto","background-attachment":"scroll","background-type":"","background-media":"","overlay-type":"","overlay-color":"","overlay-opacity":"","overlay-gradient":""}},"footnotes":""},"class_list":["post-2621","page","type-page","status-publish","hentry"],"yoast_head":"<!-- This site is optimized with the Yoast SEO plugin v27.4 - https:\/\/yoast.com\/product\/yoast-seo-wordpress\/ -->\n<title>Aviso de Privacidad - AMIC Dental<\/title>\n<meta name=\"robots\" content=\"index, follow, max-snippet:-1, max-image-preview:large, max-video-preview:-1\" \/>\n<link rel=\"canonical\" href=\"https:\/\/www.amicdental.com.mx\/home\/aviso-de-privacidad\/\" \/>\n<meta property=\"og:locale\" content=\"en_US\" \/>\n<meta property=\"og:type\" content=\"article\" \/>\n<meta property=\"og:title\" content=\"Aviso de Privacidad - AMIC Dental\" \/>\n<meta property=\"og:description\" content=\"Aviso de Privacidad Aviso de Privacidad Agrupaci\u00f3n Mexicana de la Industria y el Comercio Dental A.C. I. Identificaci\u00f3n del Responsable del tratamiento de los datos.\u00a0 Agrupaci\u00f3n Mexicana de la Industria y el Comercio Dental A.C., en adelante \u201cAMIC\u201d con domicilio en Av. Xola No. 1364, Col. Narvarte, C.P. 03020, Alcand\u00eda Benito Ju\u00e1rez es responsable de [&hellip;]\" \/>\n<meta property=\"og:url\" content=\"https:\/\/www.amicdental.com.mx\/home\/aviso-de-privacidad\/\" \/>\n<meta property=\"og:site_name\" content=\"AMIC Dental\" \/>\n<meta property=\"article:modified_time\" content=\"2026-01-29T21:59:35+00:00\" \/>\n<meta name=\"twitter:card\" content=\"summary_large_image\" \/>\n<meta name=\"twitter:label1\" content=\"Est. reading time\" \/>\n\t<meta name=\"twitter:data1\" content=\"4 minutes\" \/>\n<script type=\"application\/ld+json\" class=\"yoast-schema-graph\">{\"@context\":\"https:\\\/\\\/schema.org\",\"@graph\":[{\"@type\":\"WebPage\",\"@id\":\"https:\\\/\\\/www.amicdental.com.mx\\\/home\\\/aviso-de-privacidad\\\/\",\"url\":\"https:\\\/\\\/www.amicdental.com.mx\\\/home\\\/aviso-de-privacidad\\\/\",\"name\":\"Aviso de Privacidad - AMIC Dental\",\"isPartOf\":{\"@id\":\"https:\\\/\\\/www.amicdental.com.mx\\\/home\\\/#website\"},\"datePublished\":\"2026-01-27T22:44:22+00:00\",\"dateModified\":\"2026-01-29T21:59:35+00:00\",\"breadcrumb\":{\"@id\":\"https:\\\/\\\/www.amicdental.com.mx\\\/home\\\/aviso-de-privacidad\\\/#breadcrumb\"},\"inLanguage\":\"en-US\",\"potentialAction\":[{\"@type\":\"ReadAction\",\"target\":[\"https:\\\/\\\/www.amicdental.com.mx\\\/home\\\/aviso-de-privacidad\\\/\"]}]},{\"@type\":\"BreadcrumbList\",\"@id\":\"https:\\\/\\\/www.amicdental.com.mx\\\/home\\\/aviso-de-privacidad\\\/#breadcrumb\",\"itemListElement\":[{\"@type\":\"ListItem\",\"position\":1,\"name\":\"Home\",\"item\":\"https:\\\/\\\/www.amicdental.com.mx\\\/home\\\/\"},{\"@type\":\"ListItem\",\"position\":2,\"name\":\"Aviso de Privacidad\"}]},{\"@type\":\"WebSite\",\"@id\":\"https:\\\/\\\/www.amicdental.com.mx\\\/home\\\/#website\",\"url\":\"https:\\\/\\\/www.amicdental.com.mx\\\/home\\\/\",\"name\":\"AMIC Dental\",\"description\":\"AMIC Dental\",\"publisher\":{\"@id\":\"https:\\\/\\\/www.amicdental.com.mx\\\/home\\\/#organization\"},\"potentialAction\":[{\"@type\":\"SearchAction\",\"target\":{\"@type\":\"EntryPoint\",\"urlTemplate\":\"https:\\\/\\\/www.amicdental.com.mx\\\/home\\\/?s={search_term_string}\"},\"query-input\":{\"@type\":\"PropertyValueSpecification\",\"valueRequired\":true,\"valueName\":\"search_term_string\"}}],\"inLanguage\":\"en-US\"},{\"@type\":\"Organization\",\"@id\":\"https:\\\/\\\/www.amicdental.com.mx\\\/home\\\/#organization\",\"name\":\"AMIC Dental\",\"url\":\"https:\\\/\\\/www.amicdental.com.mx\\\/home\\\/\",\"logo\":{\"@type\":\"ImageObject\",\"inLanguage\":\"en-US\",\"@id\":\"https:\\\/\\\/www.amicdental.com.mx\\\/home\\\/#\\\/schema\\\/logo\\\/image\\\/\",\"url\":\"https:\\\/\\\/www.amicdental.com.mx\\\/home\\\/wp-content\\\/uploads\\\/2026\\\/01\\\/amic-logo.png\",\"contentUrl\":\"https:\\\/\\\/www.amicdental.com.mx\\\/home\\\/wp-content\\\/uploads\\\/2026\\\/01\\\/amic-logo.png\",\"width\":301,\"height\":140,\"caption\":\"AMIC Dental\"},\"image\":{\"@id\":\"https:\\\/\\\/www.amicdental.com.mx\\\/home\\\/#\\\/schema\\\/logo\\\/image\\\/\"}}]}<\/script>\n<!-- \/ Yoast SEO plugin. -->","yoast_head_json":{"title":"Aviso de Privacidad - AMIC Dental","robots":{"index":"index","follow":"follow","max-snippet":"max-snippet:-1","max-image-preview":"max-image-preview:large","max-video-preview":"max-video-preview:-1"},"canonical":"https:\/\/www.amicdental.com.mx\/home\/aviso-de-privacidad\/","og_locale":"en_US","og_type":"article","og_title":"Aviso de Privacidad - AMIC Dental","og_description":"Aviso de Privacidad Aviso de Privacidad Agrupaci\u00f3n Mexicana de la Industria y el Comercio Dental A.C. I. Identificaci\u00f3n del Responsable del tratamiento de los datos.\u00a0 Agrupaci\u00f3n Mexicana de la Industria y el Comercio Dental A.C., en adelante \u201cAMIC\u201d con domicilio en Av. Xola No. 1364, Col. Narvarte, C.P. 03020, Alcand\u00eda Benito Ju\u00e1rez es responsable de [&hellip;]","og_url":"https:\/\/www.amicdental.com.mx\/home\/aviso-de-privacidad\/","og_site_name":"AMIC Dental","article_modified_time":"2026-01-29T21:59:35+00:00","twitter_card":"summary_large_image","twitter_misc":{"Est. reading time":"4 minutes"},"schema":{"@context":"https:\/\/schema.org","@graph":[{"@type":"WebPage","@id":"https:\/\/www.amicdental.com.mx\/home\/aviso-de-privacidad\/","url":"https:\/\/www.amicdental.com.mx\/home\/aviso-de-privacidad\/","name":"Aviso de Privacidad - AMIC Dental","isPartOf":{"@id":"https:\/\/www.amicdental.com.mx\/home\/#website"},"datePublished":"2026-01-27T22:44:22+00:00","dateModified":"2026-01-29T21:59:35+00:00","breadcrumb":{"@id":"https:\/\/www.amicdental.com.mx\/home\/aviso-de-privacidad\/#breadcrumb"},"inLanguage":"en-US","potentialAction":[{"@type":"ReadAction","target":["https:\/\/www.amicdental.com.mx\/home\/aviso-de-privacidad\/"]}]},{"@type":"BreadcrumbList","@id":"https:\/\/www.amicdental.com.mx\/home\/aviso-de-privacidad\/#breadcrumb","itemListElement":[{"@type":"ListItem","position":1,"name":"Home","item":"https:\/\/www.amicdental.com.mx\/home\/"},{"@type":"ListItem","position":2,"name":"Aviso de Privacidad"}]},{"@type":"WebSite","@id":"https:\/\/www.amicdental.com.mx\/home\/#website","url":"https:\/\/www.amicdental.com.mx\/home\/","name":"AMIC Dental","description":"AMIC Dental","publisher":{"@id":"https:\/\/www.amicdental.com.mx\/home\/#organization"},"potentialAction":[{"@type":"SearchAction","target":{"@type":"EntryPoint","urlTemplate":"https:\/\/www.amicdental.com.mx\/home\/?s={search_term_string}"},"query-input":{"@type":"PropertyValueSpecification","valueRequired":true,"valueName":"search_term_string"}}],"inLanguage":"en-US"},{"@type":"Organization","@id":"https:\/\/www.amicdental.com.mx\/home\/#organization","name":"AMIC Dental","url":"https:\/\/www.amicdental.com.mx\/home\/","logo":{"@type":"ImageObject","inLanguage":"en-US","@id":"https:\/\/www.amicdental.com.mx\/home\/#\/schema\/logo\/image\/","url":"https:\/\/www.amicdental.com.mx\/home\/wp-content\/uploads\/2026\/01\/amic-logo.png","contentUrl":"https:\/\/www.amicdental.com.mx\/home\/wp-content\/uploads\/2026\/01\/amic-logo.png","width":301,"height":140,"caption":"AMIC Dental"},"image":{"@id":"https:\/\/www.amicdental.com.mx\/home\/#\/schema\/logo\/image\/"}}]}},"jetpack_sharing_enabled":true,"_links":{"self":[{"href":"https:\/\/www.amicdental.com.mx\/home\/wp-json\/wp\/v2\/pages\/2621","targetHints":{"allow":["GET"]}}],"collection":[{"href":"https:\/\/www.amicdental.com.mx\/home\/wp-json\/wp\/v2\/pages"}],"about":[{"href":"https:\/\/www.amicdental.com.mx\/home\/wp-json\/wp\/v2\/types\/page"}],"author":[{"embeddable":true,"href":"https:\/\/www.amicdental.com.mx\/home\/wp-json\/wp\/v2\/users\/2"}],"replies":[{"embeddable":true,"href":"https:\/\/www.amicdental.com.mx\/home\/wp-json\/wp\/v2\/comments?post=2621"}],"version-history":[{"count":40,"href":"https:\/\/www.amicdental.com.mx\/home\/wp-json\/wp\/v2\/pages\/2621\/revisions"}],"predecessor-version":[{"id":2934,"href":"https:\/\/www.amicdental.com.mx\/home\/wp-json\/wp\/v2\/pages\/2621\/revisions\/2934"}],"wp:attachment":[{"href":"https:\/\/www.amicdental.com.mx\/home\/wp-json\/wp\/v2\/media?parent=2621"}],"curies":[{"name":"wp","href":"https:\/\/api.w.org\/{rel}","templated":true}]}}